174. Calculate the remainder when l(a) is divided by 28.
25
Let h(a) = a**3 + 27*a**2 + 62*a - 61. What is the remainder when 8052 is divided by h(-24)?
176
Suppose -2*j - 23*f = -20*f - 1312, -j + 4*f = -689. Calculate the remainder when j is divided by 65.
15
Suppose -40*s + 1278 + 202 = 0. Calculate the remainder when 39 is divided by s.
2
Suppose -70*v + 6382 = 17*v - 2405. Calculate the remainder when 706 is divided by v.
100
Let p = 395 - 376. What is the remainder when 176 is divided by p?
5
Let c = -6980 - -7354. Calculate the remainder when c is divided by 38.
32
Calculate the remainder when 211 is divided by (-2)/6 - (-8)/((-72)/(-93)).
1
Let h(a) = -a**2 + 2*a + 1. Let b be h(1). Let k be 30/(-6) + 9 - (-18)/b. Calculate the remainder when 50 is divided by (-4*k/(-2))/(-17 + 19).
11
Suppose 4*p = v + 1996 + 1298, -3*v = -8*p + 6590. Calculate the remainder when p is divided by 30.
13
Let q(a) = a**3 - 9*a**2 + 17*a - 45. Let o = 441 - 369. What is the remainder when o is divided by q(8)?
18
Let o be -161 - ((21 - 6) + -7). Let p = o + 232. Calculate the remainder when p is divided by 8.
7
Suppose 2*o = -2*n + 10, -30 = -n + 5*o - o. Suppose n*a + 4*u = 5*a + 153, 39 = a + 5*u. Calculate the remainder when a is divided by 9.
2
Let a(b) = -3*b**2 - 11*b + 2. Let t be a(6). Let p be t - ((-12)/(-4) + -5). Calculate the remainder when 54/(-45)*p/4 is divided by 26.
25
Let b be (-1 - 2) + 19 + (-75)/5. Calculate the remainder when ((-5240)/80)/(b/(-4)) is divided by 44.
42
Suppose -3*o = 4*v - 513, 3*v - 432 = 77*o - 74*o. Calculate the remainder when 3774 is divided by v.
129
Let k(x) = -824*x + 5955. Calculate the remainder when k(7) is divided by 31.
1
Suppose t = -3*k + 163, -2*k - 490 - 308 = -5*t. Suppose 8*j - a = 3*j + t, -2*j = -5*a - 41. What is the remainder when 428 is divided by j?
32
Suppose 5*i + 30 = 100. Calculate the remainder when 74 is divided by -1 + 5 + 3 + i.
11
Let f = 2234 - 2197. Calculate the remainder when 155 is divided by f.
7
Suppose 20*q - 348 = -88. Suppose 0 = -28*j + q*j + 3540. What is the remainder when j is divided by 17?
15
Suppose 5*n - 8099 = -4*i + 4836, -i = 5. What is the remainder when n is divided by 72?
71
Calculate the remainder when ((-8)/(-20) - 0)/(55/38225) is divided by 265.
13
Suppose 5*b - 153 = 2*o - 586, -5*b - 652 = -3*o. Suppose -8*c + 365 = -o. Calculate the remainder when c is divided by 8.
1
Let x = -3396 + 3410. Calculate the remainder when 8370 is divided by x.
12
Let a be (4 + 68)*(-5 - -82). Let b be (-10)/(-2) - a/(-12). Let p = b + -199. What is the remainder when p is divided by 54?
52
Suppose 4*y + 562 = -142. What is the remainder when 53 is divided by (-49)/147 - y/6?
24
Let b = 1 + 5. Suppose b*h - h - 580 = 0. Suppose 80*y - 1433 - 796 - 3651 = -67*y. What is the remainder when h is divided by y?
36
Let n(l) = -l**2 + l + 162. Let a(w) = -350*w + 113. Let x be a(-7). Calculate the remainder when n(0) is divided by 4/(-42)*3 + x/77.
30
What is the remainder when 8191 is divided by -2*-1*(-2)/(-10)*(46 - -114)?
63
Let l(f) = -f**3 + 13*f**2 - 10*f - 22. Let q be l(12). Suppose -4*p + 0*p - q*h = -158, -5*h - 61 = -2*p. What is the remainder when 73 is divided by p?
35
Let c(p) = 89*p + 979. Let g = -73 - -903. Calculate the remainder when c(-10) is divided by (-2)/(-7) + g/35.
17
Suppose -4350*d + 1584 = -4332*d. Calculate the remainder when 622 is divided by d.
6
Let u = 56 + -52. Suppose 7 = x - 2*a - 12, -u = -x - a. What is the remainder when 56 is divided by x?
2
Let k(d) = -d + 38. Let j be k(11). Calculate the remainder when (0 + j)/(-13 - -14) is divided by 7.
6
Suppose 11263 = 534*u - 7659 - 12584. What is the remainder when (-4)/(-14) + 4696/28 is divided by u?
50
Suppose -11*n + 57 = -31. Let g = 1161 + -932. Calculate the remainder when g is divided by n.
5
Suppose -2*d + 5*k + 14 = -14, -d + 5*k = -14. Let s = d - 2. What is the remainder when ((-70)/21 - 3)*-9 is divided by s?
9
Let u be 2 - -27 - 0/(-2). Suppose -u*i = -32*i + 12. Suppose 5*q + n - 55 = 0, i*q - 38 - 22 = -4*n. Calculate the remainder when 29 is divided by q.
9
Suppose 5*o - 2*z = 30 + 224, -4*o - z = -211. Let v = -26034 - -26052. Calculate the remainder when o is divided by v.
16
Suppose 0 = 7*n - 1129 - 677. Suppose 254*f = n*f - 36. What is the remainder when 73 is divided by f?
1
Suppose 0 = 18*i + 6*i - 11*i - 143. Calculate the remainder when 5440 is divided by i.
6
Suppose -3*x + 2*a = -50 - 127, 4*a + 24 = 0. What is the remainder when 417 is divided by x?
32
Suppose -336 = -t - 2*t. Let y = -98 + 121. Calculate the remainder when t is divided by y.
20
Let r(d) = d**2 - 17*d + 367. Calculate the remainder when r(0) is divided by 63.
52
Let h(s) = 14*s + 7. Let c be h(5). Let t = -54 + c. Calculate the remainder when t is divided by (-16)/6 - (-4)/6*13.
5
Let v(a) = 3*a**3 + 125*a**2 - 176*a - 107. What is the remainder when 2232 is divided by v(-43)?
22
Suppose 3*o = 2*p + 7713, 4*o - 10288 = -p + 5*p. Suppose 0 = 6*f - 725 - o. Calculate the remainder when f is divided by 69.
66
Suppose p = u + 49, -10*u - 46 = -p - 12*u. Suppose -24*f = -26*f + p. What is the remainder when f is divided by 7?
3
Suppose -434 + 2606 = 6*r. Let p = r - 311. What is the remainder when 121 is divided by p?
19
Suppose -626*s - 108 = -632*s. Suppose 3*r + 0*r = 249. What is the remainder when r is divided by s?
11
Let d be (9 - 7) + 239 + 5. Suppose d = -9*i + 696. Calculate the remainder when i is divided by 42.
8
Let w(o) = -2*o - 111 + 8*o + 70 - 100 - 60*o. What is the remainder when w(-35) is divided by 14?
13
Let d = 27 + -25. Suppose -2*o - d*w = -20, -2 + 32 = o + 5*w. Suppose -4*h = -5 - 71. What is the remainder when h is divided by o?
4
What is the remainder when (-765160)/(-1012) - 2/23 is divided by 230?
66
Let j(q) = 2*q**2 + 7*q + 6. Let g be j(-5). Suppose -g - 5 = -2*v. Suppose -2*p = -5*p + 30 + 240. Calculate the remainder when p is divided by v.
12
Suppose -2*i = -5*f - 2069, 31*i - 3*f + 2109 = 33*i. What is the remainder when i is divided by 35?
32
Let c(j) = 2*j - 5. Suppose 1990*n = 1963*n + 1404. What is the remainder when n is divided by c(7)?
7
Let o = 28 - 22. Suppose -2*a = -3*a + o*a. Suppose z - 86 = 5*t + 127, a = -2*z - 3*t + 400. What is the remainder when z is divided by 51?
50
Let q(k) be the first derivative of k**4/4 + 7*k**3 + 17*k**2/2 - 49*k + 94. Calculate the remainder when 49 is divided by q(-20).
5
Let i = -127 + 184. Calculate the remainder when i is divided by (1100/(-1800) - 3/(-6))/(3/(-783)).
28
Let a(c) = 76*c + 4. Let k be a(-7). Let x = -424 - k. What is the remainder when x is divided by 24?
8
Suppose 6*k = -8*k + 3906. Suppose 60 = 281*f - k*f. What is the remainder when 116 is divided by f?
26
Suppose -2*m = 32 - 36. Suppose 5*d = -m*l - 0*l + 115, 5*d + 35 = l. What is the remainder when l is divided by 48?
2
Calculate the remainder when 714 is divided by (-1 - (8 - 16))*(2 + -3 + 6).
14
What is the remainder when 253 is divided by 20/(-18) - (-48011)/369?
124
Suppose 155*p = 173*p - 1080. Let m(s) = -4*s - 12. Calculate the remainder when p is divided by m(-5).
4
What is the remainder when 350 is divided by 4/(-14 + 5 - -5) + 85?
14
Suppose -48*m + 59 + 1045 = 0. Calculate the remainder when 45 is divided by m.
22
Suppose -h - 2*n = -1930 - 3647, -2*h + 11150 = 3*n. Calculate the remainder when h is divided by 9.
7
Suppose -4*n - 76 = -240. Let d(w) = -85*w - 8. What is the remainder when d(-2) is divided by n?
39
Suppose -4*t - 447 - 81 = -2*f, -1074 = -4*f + 2*t. What is the remainder when 504 is divided by f?
234
Let b be (-10)/(-1)*4/(-10). Let n be (12/(-8))/(2/b). Suppose -l + 38 = n. Calculate the remainder when 68 is divided by l.
33
Let k(h) = -6814*h**3 - 2*h**2 + 4*h + 7. What is the remainder when k(-1) is divided by 48?
47
Suppose 0 = -d + 2*d + 5*t + 5, -3*t = 5*d - 19. Suppose 1 = -w, -2 = -y - 5*w + d. Calculate the remainder when 68 is divided by y.
8
Let i(r) = -3*r**2 - 370*r - 282. Calculate the remainder when 567 is divided by i(-122).
155
Let j(d) = 2*d + 19. Let z be j(-11). Suppose 15 = 3*k - 4*a - 224, 246 = 3*k + 3*a. What is the remainder when k is divided by (-9 - z)*14/(-4)?
18
Let n = 72 + -3. Suppose 1186 